{"id":1147,"date":"2020-09-20T23:56:12","date_gmt":"2020-09-20T21:56:12","guid":{"rendered":"https:\/\/www.uvasfrescas.com\/?post_type=product&#038;p=1147"},"modified":"2026-04-01T11:17:35","modified_gmt":"2026-04-01T09:17:35","slug":"comprar-crema-hidratante-antiedad","status":"publish","type":"product","link":"https:\/\/www.uvasfrescas.com\/en\/tienda\/comprar-crema-hidratante-antiedad\/","title":{"rendered":"Crema Hidratante Antiedad"},"content":{"rendered":"<p data-start=\"148\" data-end=\"485\">La <strong data-start=\"151\" data-end=\"180\">Crema Hidratante Antiedad<\/strong> es un tratamiento facial dise\u00f1ado para ayudar a reducir eficazmente los signos visibles del envejecimiento y revitalizar la piel en profundidad. Su f\u00f3rmula de origen natural proporciona una hidrataci\u00f3n intensa, aporta luminosidad y mejora la elasticidad, dejando la piel m\u00e1s firme, suave y visiblemente rejuvenecida.<\/p>\n<p data-start=\"487\" data-end=\"845\">Enriquecida con <strong data-start=\"503\" data-end=\"530\">aceite de pepita de uva<\/strong>, rico en omega 6 y vitamina E, ofrece una potente acci\u00f3n antioxidante que ayuda a prevenir el envejecimiento prematuro. Su combinaci\u00f3n de activos naturales como <strong data-start=\"692\" data-end=\"761\">manteca de karit\u00e9, col\u00e1geno vegano, \u00e1cido hialur\u00f3nico y cal\u00e9ndula<\/strong> nutre la piel, protege frente a los radicales libres y refuerza la barrera cut\u00e1nea.<\/p>","protected":false},"excerpt":{"rendered":"<p data-start=\"148\" data-end=\"485\"><span style=\"color: #9ca86d\"><strong>ANTIOXIDANTE Y NUTRITIVA<\/strong><\/span><\/p>\n<p data-start=\"148\" data-end=\"485\">La <strong data-start=\"151\" data-end=\"180\">Crema Hidratante Antiedad<\/strong> es un tratamiento facial dise\u00f1ado para ayudar a reducir eficazmente los signos visibles del envejecimiento y revitalizar la piel en profundidad. Su f\u00f3rmula de origen natural proporciona una hidrataci\u00f3n intensa, aporta luminosidad y mejora la elasticidad, dejando la piel m\u00e1s firme, suave y visiblemente rejuvenecida.<\/p>\n<p data-start=\"487\" data-end=\"845\">Enriquecida con <strong data-start=\"503\" data-end=\"530\">aceite de pepita de uva<\/strong>, rico en omega 6 y vitamina E, ofrece una potente acci\u00f3n antioxidante que ayuda a prevenir el envejecimiento prematuro. Su combinaci\u00f3n de activos naturales como <strong data-start=\"692\" data-end=\"761\">manteca de karit\u00e9, col\u00e1geno vegano, \u00e1cido hialur\u00f3nico y cal\u00e9ndula<\/strong> nutre la piel, protege frente a los radicales libres y refuerza la barrera cut\u00e1nea.<\/p>\n<p data-start=\"487\" data-end=\"845\"><strong>Capacidad<\/strong>: 50ml.<\/p>","protected":false},"featured_media":4030,"template":"","meta":{"_acf_changed":false},"product_brand":[],"product_cat":[55],"product_tag":[],"class_list":{"0":"post-1147","1":"product","2":"type-product","3":"status-publish","4":"has-post-thumbnail","6":"product_cat-general","8":"first","9":"instock","10":"taxable","11":"shipping-taxable","12":"purchasable","13":"product-type-simple"},"acf":[],"_links":{"self":[{"href":"https:\/\/www.uvasfrescas.com\/en\/wp-json\/wp\/v2\/product\/1147","targetHints":{"allow":["GET"]}}],"collection":[{"href":"https:\/\/www.uvasfrescas.com\/en\/wp-json\/wp\/v2\/product"}],"about":[{"href":"https:\/\/www.uvasfrescas.com\/en\/wp-json\/wp\/v2\/types\/product"}],"wp:featuredmedia":[{"embeddable":true,"href":"https:\/\/www.uvasfrescas.com\/en\/wp-json\/wp\/v2\/media\/4030"}],"wp:attachment":[{"href":"https:\/\/www.uvasfrescas.com\/en\/wp-json\/wp\/v2\/media?parent=1147"}],"wp:term":[{"taxonomy":"product_brand","embeddable":true,"href":"https:\/\/www.uvasfrescas.com\/en\/wp-json\/wp\/v2\/product_brand?post=1147"},{"taxonomy":"product_cat","embeddable":true,"href":"https:\/\/www.uvasfrescas.com\/en\/wp-json\/wp\/v2\/product_cat?post=1147"},{"taxonomy":"product_tag","embeddable":true,"href":"https:\/\/www.uvasfrescas.com\/en\/wp-json\/wp\/v2\/product_tag?post=1147"}],"curies":[{"name":"wp","href":"https:\/\/api.w.org\/{rel}","templated":true}]}}

<p data-start="148" data-end="485">La <strong data-start="151" data-end="180">Crema Hidratante Antiedad</strong> es un tratamiento facial diseñado para ayudar a reducir eficazmente los signos visibles del envejecimiento y revitalizar la piel en profundidad. Su fórmula de origen natural proporciona una hidratación intensa, aporta luminosidad y mejora la elasticidad, dejando la piel más firme, suave y visiblemente rejuvenecida.</p>
<p data-start="487" data-end="845">Enriquecida con <strong data-start="503" data-end="530">aceite de pepita de uva</strong>, rico en omega 6 y vitamina E, ofrece una potente acción antioxidante que ayuda a prevenir el envejecimiento prematuro. Su combinación de activos naturales como <strong data-start="692" data-end="761">manteca de karité, colágeno vegano, ácido hialurónico y caléndula</strong> nutre la piel, protege frente a los radicales libres y refuerza la barrera cutánea.</p>

<p data-start="148" data-end="485"><span style="color: #9ca86d"><strong>ANTIOXIDANTE Y NUTRITIVA</strong></span></p>
<p data-start="148" data-end="485">La <strong data-start="151" data-end="180">Crema Hidratante Antiedad</strong> es un tratamiento facial diseñado para ayudar a reducir eficazmente los signos visibles del envejecimiento y revitalizar la piel en profundidad. Su fórmula de origen natural proporciona una hidratación intensa, aporta luminosidad y mejora la elasticidad, dejando la piel más firme, suave y visiblemente rejuvenecida.</p>
<p data-start="487" data-end="845">Enriquecida con <strong data-start="503" data-end="530">aceite de pepita de uva</strong>, rico en omega 6 y vitamina E, ofrece una potente acción antioxidante que ayuda a prevenir el envejecimiento prematuro. Su combinación de activos naturales como <strong data-start="692" data-end="761">manteca de karité, colágeno vegano, ácido hialurónico y caléndula</strong> nutre la piel, protege frente a los radicales libres y refuerza la barrera cutánea.</p>
<p data-start="487" data-end="845"><strong>Capacidad</strong>: 50ml.</p>
